{"id":414,"date":"2023-11-09T09:54:11","date_gmt":"2023-11-09T08:54:11","guid":{"rendered":"http:\/\/www.saufen-fuer-die-bib.de\/?page_id=414"},"modified":"2023-11-09T10:16:03","modified_gmt":"2023-11-09T09:16:03","slug":"mitgliedschaft-spende","status":"publish","type":"page","link":"http:\/\/www.saufen-fuer-die-bib.de\/?page_id=414","title":{"rendered":"Mitgliedschaft\/Spende"},"content":{"rendered":"\n<p>Haben Sie Interesse an einer Mitgliedschaft im F\u00f6rderverein Saufen f\u00fcr die Bib e.V.? F\u00fcllen Sie einfach das nachfolgende<strong> <a rel=\"noreferrer noopener\" href=\"http:\/\/www.saufen-fuer-die-bib.de\/wp-content\/uploads\/2009\/04\/antrag.pdf\" target=\"_blank\">Formular<\/a><\/strong> aus und schicken es mit einer unterschriebenen Fassung der Datenschutzerkl\u00e4rung an den Vorstand des F\u00f6rdervereins, c\/o Universit\u00e4t Trier &#8211; FB V, Universit\u00e4tsring 15, 54294 Trier.<\/p>\n\n\n\n<p><\/p>\n\n\n\n<p>Spenden<\/p>\n","protected":false},"excerpt":{"rendered":"<p>Haben Sie Interesse an einer Mitgliedschaft im F\u00f6rderverein Saufen f\u00fcr die Bib e.V.? F\u00fcllen Sie einfach das nachfolgende Formular aus und schicken es mit einer unterschriebenen Fassung der Datenschutzerkl\u00e4rung an den Vorstand des F\u00f6rdervereins, c\/o Universit\u00e4t Trier &#8211; FB V, Universit\u00e4tsring 15, 54294 Trier. Spenden<\/p>\n","protected":false},"author":1,"featured_media":0,"parent":0,"menu_order":0,"comment_status":"closed","ping_status":"closed","template":"","meta":[],"_links":{"self":[{"href":"http:\/\/www.saufen-fuer-die-bib.de\/index.php?rest_route=\/wp\/v2\/pages\/414"}],"collection":[{"href":"http:\/\/www.saufen-fuer-die-bib.de\/index.php?rest_route=\/wp\/v2\/pages"}],"about":[{"href":"http:\/\/www.saufen-fuer-die-bib.de\/index.php?rest_route=\/wp\/v2\/types\/page"}],"author":[{"embeddable":true,"href":"http:\/\/www.saufen-fuer-die-bib.de\/index.php?rest_route=\/wp\/v2\/users\/1"}],"replies":[{"embeddable":true,"href":"http:\/\/www.saufen-fuer-die-bib.de\/index.php?rest_route=%2Fwp%2Fv2%2Fcomments&post=414"}],"version-history":[{"count":4,"href":"http:\/\/www.saufen-fuer-die-bib.de\/index.php?rest_route=\/wp\/v2\/pages\/414\/revisions"}],"predecessor-version":[{"id":482,"href":"http:\/\/www.saufen-fuer-die-bib.de\/index.php?rest_route=\/wp\/v2\/pages\/414\/revisions\/482"}],"wp:attachment":[{"href":"http:\/\/www.saufen-fuer-die-bib.de\/index.php?rest_route=%2Fwp%2Fv2%2Fmedia&parent=414"}],"curies":[{"name":"wp","href":"https:\/\/api.w.org\/{rel}","templated":true}]}}