{"id":327,"date":"2016-07-27T13:13:21","date_gmt":"2016-07-27T11:13:21","guid":{"rendered":"http:\/\/www.saufen-fuer-die-bib.de\/?page_id=327"},"modified":"2024-03-13T11:07:12","modified_gmt":"2024-03-13T10:07:12","slug":"geschichte-des-vereins","status":"publish","type":"page","link":"http:\/\/www.saufen-fuer-die-bib.de\/?page_id=327","title":{"rendered":"Geschichte des Vereins"},"content":{"rendered":"<p>Unser F\u00f6rderverein Saufen f\u00fcr die Bib e.V. kann bereits auf eine lange und traditionsreiche Geschichte zur\u00fcckblicken. Die erste Benefizveranstaltung fand im Jahre 2001 statt. Der gro\u00dfe Erfolg der Veranstaltung machte jedoch eine strukturierte Organisation erforderlich, weshalb im Jahre 2006 aus dem Hobby-Projekt ein eingetragener Verein wurde. 14 Gr\u00fcndungsmitglieder fanden sich am 21. Dezember 2006 zusammen, um den &#8222;F\u00f6rderverein Saufen f\u00fcr die Bib e.V.&#8220; zu gr\u00fcnden. Als erster Pr\u00e4sident wurde Markus Artz gew\u00e4hlt, der nunmehr Universit\u00e4tsprofessor an der Uni Bielefeld ist. Im Jahr 2011 wurde der Verein auch als gemeinn\u00fctzig anerkannt.<\/p>\n<p>Seitdem ver\u00adan\u00adstal\u00adtet der Ver\u00adein, beste\u00adhend aus wis\u00adsen\u00adschaft\u00adli\u00adchen Mit\u00adar\u00adbei\u00adte\u00adrin\u00adnen und Mit\u00adar\u00adbei\u00adtern des <span class=\"caps\">FB<\/span> V, ein\u00admal im Jahr eine Benefizveranstaltung, um aus deren Erl\u00f6s juris\u00adti\u00adsche Aus\u00adbil\u00addungs\u00adli\u00adte\u00adra\u00adtur zu spen\u00adden. Wie erfolg\u00adreich die Party-Idee war und nach wie vor ist, zeigt ihre stolze Bilanz: Mehr als 80.000 Euro wur\u00adden so bei den insgesamt 22 Veranstaltungen bereits f\u00fcr die Beschaf\u00adfung neuer B\u00fccher ein\u00adge\u00adnom\u00admen.<\/p>\n<p>Die Aus\u00adwahl der Titel, die expli\u00adzit auf den Bedarf der Stu\u00addie\u00adren\u00adden sowie der Refe\u00adren\u00addare zuge\u00adschnit\u00adten ist, erfolgt auf\u00adgrund von Vor\u00adschl\u00e4\u00adgen aus dem Stu\u00addie\u00adren\u00adden-, Mit\u00adar\u00adbei\u00adter*innen- und Professor*innen\u00adkreis in Abspra\u00adche mit dem zust\u00e4n\u00addi\u00adgen Fach\u00adre\u00adfe\u00adren\u00adten in der Bibliothek.<\/p>\n","protected":false},"excerpt":{"rendered":"<p>Unser F\u00f6rderverein Saufen f\u00fcr die Bib e.V. kann bereits auf eine lange und traditionsreiche Geschichte zur\u00fcckblicken. Die erste Benefizveranstaltung fand im Jahre 2001 statt. Der gro\u00dfe Erfolg der Veranstaltung machte jedoch eine strukturierte Organisation erforderlich, weshalb im Jahre 2006 aus dem Hobby-Projekt ein eingetragener Verein wurde. 14 Gr\u00fcndungsmitglieder fanden sich am 21. Dezember 2006 zusammen, <a class=\"read-more\" href=\"http:\/\/www.saufen-fuer-die-bib.de\/?page_id=327\">[&hellip;]<\/a><\/p>\n","protected":false},"author":1,"featured_media":0,"parent":0,"menu_order":2,"comment_status":"closed","ping_status":"closed","template":"","meta":[],"_links":{"self":[{"href":"http:\/\/www.saufen-fuer-die-bib.de\/index.php?rest_route=\/wp\/v2\/pages\/327"}],"collection":[{"href":"http:\/\/www.saufen-fuer-die-bib.de\/index.php?rest_route=\/wp\/v2\/pages"}],"about":[{"href":"http:\/\/www.saufen-fuer-die-bib.de\/index.php?rest_route=\/wp\/v2\/types\/page"}],"author":[{"embeddable":true,"href":"http:\/\/www.saufen-fuer-die-bib.de\/index.php?rest_route=\/wp\/v2\/users\/1"}],"replies":[{"embeddable":true,"href":"http:\/\/www.saufen-fuer-die-bib.de\/index.php?rest_route=%2Fwp%2Fv2%2Fcomments&post=327"}],"version-history":[{"count":6,"href":"http:\/\/www.saufen-fuer-die-bib.de\/index.php?rest_route=\/wp\/v2\/pages\/327\/revisions"}],"predecessor-version":[{"id":492,"href":"http:\/\/www.saufen-fuer-die-bib.de\/index.php?rest_route=\/wp\/v2\/pages\/327\/revisions\/492"}],"wp:attachment":[{"href":"http:\/\/www.saufen-fuer-die-bib.de\/index.php?rest_route=%2Fwp%2Fv2%2Fmedia&parent=327"}],"curies":[{"name":"wp","href":"https:\/\/api.w.org\/{rel}","templated":true}]}}